)/(-12) - 0)?
3
Suppose -3*l = v + 6, -3*v + 3 = -7*v - 5*l. Suppose q = 5*n + 36, -5*q + q + 178 = -v*n. What is the units digit of q?
6
Let x be (-60)/18*3/(-2). Let p = x - -2. What is the units digit of p?
7
Suppose 7*n + 6 = 9*n. What is the units digit of n?
3
Let b(g) = 4*g - 7. Let v be b(3). Suppose 51 = 3*t - 2*u, 0*t - v*u - 30 = -t. What is the units digit of t?
5
Let d = 8 - 4. Suppose -2*o + d + 20 = 0. What is the tens digit of o?
1
Let o(z) = 3 + 0 - 3 - z. What is the units digit of o(-9)?
9
Let x = 9 - 4. Suppose 3*u - 2*k - 15 = -2*u, x*k + 15 = 5*u. Suppose -u*h + 3 = -6. What is the units digit of h?
3
Let x be 33/9 - (-2)/6. Suppose -2*o = -x*o + 6. Suppose 5 = w + o, 14 = 2*t + w. What is the units digit of t?
6
Let w = 2 - -1. Suppose 0 = -0*d - w*d + 9, 5*k - 153 = -d. What is the tens digit of k?
3
What is the tens digit of 4 - 2*148/(-8)?
4
Suppose -2*n = -0*n - 128. Suppose -n = -5*j - 2*t - 3, 3*t - 59 = -5*j. What is the tens digit of j?
1
Let j(g) be the third derivative of g**6/120 - g**5/10 + g**4/4 + g**3/3 + 3*g**2. What is the units digit of j(6)?
8
Suppose -1 = -q + 4*j - 18, -2*q + j - 6 = 0. Let y = 10 - q. What is the tens digit of y?
1
Let l(z) be the first derivative of -z**2/2 + 7*z + 1. Let o(r) = r**3 + 4*r**2 - 4*r - 2. Let g be o(-5). What is the tens digit of l(g)?
1
Let w(g) = g**3 + 3*g**2 - 6*g - 1. Let h be 1*-3*(-20)/(-15). Let q be w(h). Suppose -q - 16 = -2*b - c, 3*b - 52 = 2*c. What is the tens digit of b?
1
Suppose 4*u + 2*h - 923 = h, -2*h + 6 = 0. What is the hundreds digit of u?
2
Let k(h) = -h + 6. Let d be 39/(-3) + 0 + 3. What is the tens digit of k(d)?
1
Let r be 5 + 2 + 1 + -2. Suppose -3*n = 2*u - 19, -u + 3*u + 21 = 5*n. Suppose -g + u*v - 2 = 0, r*v - v - 27 = -3*g. What is the units digit of g?
4
Let f(z) = -z**2 + 5*z + 2. Let s = -4 - -9. Let t be f(s). Suppose 13 = j + 2*k, 0 = -0*j - 3*j + t*k + 7. What is the units digit of j?
5
Suppose 4*g + 5*y = 16, -14 = -2*g + 5*y + 24. What is the units digit of g?
9
Let q(b) = -b + 3. Let u be q(3). Suppose -i - 2*n = -0*n - 13, u = -2*i - 2*n + 24. What is the units digit of i?
1
Suppose -2*g - 54 = g. Let x = g - -32. What is the tens digit of x?
1
Suppose -k + 26 = -27. What is the units digit of k?
3
What is the hundreds digit of (3 - -141 - 4) + 3?
1
Let y = 0 + 2. Let z = y - 7. What is the units digit of (-3)/(6/z)*2?
5
Let x(s) = s**3 + 6*s**2 - 3*s - 7. Let f be x(-6). Suppose -m + f = -0*m. What is the tens digit of m?
1
Let w(z) be the third derivative of -z**4/24 + 5*z**3/3 + 3*z**2. What is the units digit of w(9)?
1
Let j = 419 + -276. What is the units digit of j?
3
Let m = 2 + 78. What is the units digit of m?
0
Let c be ((-7)/(-14))/((-1)/(-128)). Suppose -2*w = 2*w - c. What is the units digit of w?
6
What is the tens digit of -6 + 26 - (-6)/2?
2
What is the hundreds digit of (-3064)/(-28) + (-12)/(-21)?
1
Suppose -4*j + 2 + 6 = 0. Suppose -2*b = j*z - 32, 2*z + 4 = 3*z - 2*b. What is the tens digit of z?
1
Suppose t - 6 = 10. Let p = 6 - t. Let v = p + 16. What is the units digit of v?
6
Let p(c) = c**3 - 2*c**2 - c + 9. Let q(a) = 2*a**3 - 3*a**2 - a + 18. Let h(z) = 7*p(z) - 3*q(z). What is the units digit of h(6)?
1
Let o = 8 + -13. Let k be ((-6)/3)/2*o. Suppose 0 = -5*c - 0 + k. What is the units digit of c?
1
What is the units digit of 8/(((-3)/(-60))/(4/10))?
4
Suppose f - 4*f = -60. Suppose 4*m + 2*t + 16 = 36, -4*m + f = -t. Suppose 0*v - 2*v + 4 = 2*p, -m*v - 4*p + 12 = 0. What is the units digit of v?
4
What is the tens digit of 399/6 + (-4)/(-8)?
6
Let s(a) = -27*a + 6. What is the tens digit of s(-3)?
8
Let t = 9 - 5. Suppose 0 = -3*a - 2 - t. What is the units digit of 6 + (1 - (a - -2))?
7
Suppose -4*w = w - 5. Suppose -2*d + w = -3. What is the units digit of d?
2
Let y = -4 - -17. Let l = 29 + y. What is the units digit of l?
2
Let n(t) = -7 + 0*t**2 + 7*t - t**2 - 1 + 4. Let f be n(6). Suppose f*q - 66 = -3*z - q, -3*z + 54 = -q. What is the tens digit of z?
1
Suppose -3*g = 2*g - 650. What is the units digit of g?
0
Suppose 3*r + 2*y = -y + 96, -4*r = y - 122. What is the tens digit of r?
3
Let q be 2/6*3*-2. What is the tens digit of 20 - (6/(-2) - q)?
2
Let i = 23 + -15. Let y = i - 17. Let f = y - -13. What is the units digit of f?
4
Suppose t - 4 = 0, 0*y - 12 = -2*y + 2*t. What is the tens digit of y?
1
Suppose v - 1 = 2*v. Let a = v - -14. What is the tens digit of a?
1
Let g(u) = 2*u. Let f be g(3). Suppose -5 = -f*d + d. What is the units digit of d?
1
Let q = -110 - -107. Let m(n) = n**3 + 6*n**2 + 6. Let v be m(-6). Let u = q + v. What is the units digit of u?
3
What is the tens digit of 2/(-8) - 106/(-8)?
1
Suppose -o + 5*b + 6 = 0, -5 = 2*b - 15. What is the tens digit of o?
3
Let u(l) = 2*l**2 + 5*l + 20. What is the units digit of u(6)?
2
Let a(k) = k + 4. Let r be a(0). Suppose 2*x - 1 = n, -2*x = r*n + 2*x - 32. What is the units digit of n?
5
What is the units digit of 6 + (-3 - 1) + 29?
1
Let g(w) = w**2 - w**2 + 2 + w**2 + 5*w. Let x be g(-5). Suppose 2*u = -x*u + 8. What is the units digit of u?
2
Let n = 35 + 2. What is the units digit of n?
7
Suppose 3*z - 3*o = -12, -z + 8*o = 3*o - 16. What is the tens digit of (-4)/18 + (-101)/z?
1
Suppose -3*m - 648 = -5*l, -2*m = -l - l + 260. What is the units digit of l?
9
Suppose 2*v + 11 = -4*x + 5*v, 3*v - 15 = 0. What is the units digit of x?
1
Let y(l) = -l**2 + 3*l + 2. Let w be y(4). Let u be (-3 + -111)/(-3) - w. Suppose -2*x - u = -2*f, 4*f = 5*f + 2*x - 20. What is the units digit of f?
0
Suppose -2*z = -4*d + z + 43, 4*d = -3*z + 37. Let g be (d/25)/((-2)/(-10)). Suppose 0 = -g*f + a + 4 + 12, 3*f - 4*a - 14 = 0. What is the tens digit of f?
1
Let y = -85 - -127. What is the units digit of y?
2
Let i(l) = -7*l + 17. What is the tens digit of i(-5)?
5
Let u(a) = a**3 + 3*a**2. Let i be u(-4). Let w be i/4 - (-5 + 2). What is the units digit of 3*2*(w + 2)?
6
Let o = 2 + 3. Suppose o*h = 2*h + 3. What is the units digit of h?
1
Let g be -2 + 3/(3*-1). Let i be 6/9*g/(-2). What is the units digit of 2 - (0 - (i - 2))?
1
Let d(z) = -106*z + 1. Let x be d(-1). Suppose -4*h + x = 27. Suppose -4*b - 4*u + 36 = -5*u, -4*b - 3*u = -h. What is the units digit of b?
8
Let d be -16 + (-6)/(0 - 3). Let w = d + 49. Let s = w - 23. What is the tens digit of s?
1
Let k be (-140)/(-25) + 2/5. Let c(z) = z**3 - 5*z**2 - 4*z - 5. What is the units digit of c(k)?
7
Let w(d) = -d + 2. What is the units digit of w(-2)?
4
Suppose 3*w + 5*g = 38, g - 4*g + 48 = 3*w. What is the units digit of ((-6)/9)/((-1)/w)?
4
What is the units digit of 19/(-57) + (-584)/(-6)?
7
Suppose 4*o - 103 = -15. What is the tens digit of o?
2
What is the units digit of 106*(-4)/(-8) + -1?
2
Let z = -25 - -89. Suppose -7*t + 5*t + z = 0. What is the units digit of t?
2
Let z = -2 + 5. Suppose 3*q + 49 = 5*o + z, 2*q - 28 = -2*o. What is the tens digit of o?
1
Let t be (-18)/(-3) + (2 - 2). Let c be ((-4)/(-6))/((-2)/(-6)). What is the units digit of 71/t - c/(-12)?
2
Let i(z) = z**3 - 2*z**2 - 2*z + 16. What is the units digit of i(0)?
6
Suppose 542 + 283 = 11*t. What is the tens digit of t?
7
Let r = 24 - 12. Suppose -28 = -5*p + r. What is the units digit of p?
8
Let r be (-4)/(-10) + (-47)/5. Let p(o) = -8*o + 33. Let f(d) = -2*d + 8. Let x(b) = r*f(b) + 2*p(b). What is the units digit of x(4)?
2
Suppose q + 18 = 3*s, 3*q - 4*s + 2 = -8*s. Let d(r) = r**2 + 8. What is the units digit of d(q)?
4
Let i = -82 - -229. Suppose 0 = 5*j - 4*z - 30 - i, z - 113 = -3*j. What is the units digit of j?
7
Suppose 0 = m + 2 - 4. What is the units digit of m?
2
Let o(z) be the second derivative of z**4/6 - z**3/3 + 7*z**2/2 - 8*z. What is the tens digit of o(3)?
1
Suppose 5*x - 493 = -u - 2*u, 5*u - 485 = -5*x. What is the tens digit of x?
0
Let p(y) = y - 4 + 6 - y - y**2. Let l be p(0). Suppose c = l*b + 17 - 3, 4*c + 4*b = 92. What is the units digit of c?
0
Suppose 0 = -x + 5*y + 13, -2*x - 4*y + 31 = -9*y. Let t = x + -5. What is the units digit of t?
3
Suppose -2*t - 210 = 18. Let n = -78 - t. Suppose -2*l - n = -6*l. What is the units digit of l?
9
Let i(p) = p**2 - p + 5. What is the units digit of i(4)?
7
Let n(z) = -3*z**3 - 2*z**2 + 3*z - 2. What is the tens digi